{"id":260,"date":"2018-02-05T18:21:13","date_gmt":"2018-02-05T17:21:13","guid":{"rendered":"http:\/\/www.vollersound.com\/?page_id=260"},"modified":"2026-05-08T10:28:02","modified_gmt":"2026-05-08T08:28:02","slug":"news-2","status":"publish","type":"page","link":"https:\/\/www.vollersound.com\/","title":{"rendered":"News"},"content":{"rendered":"\n<p><strong>08.05.26<\/strong><\/p>\n\n\n\n<p>Nach der Ver\u00f6ffentlichung ihres ersten Studioalbums im letzten Jahr, mehr als 40 Jahre nach ihrer Aufl\u00f6sung, kehren <strong>@the_loft_uk<\/strong> mit ihrem zweiten Album auf <strong>@tapeterecords<\/strong> zur\u00fcck. \u201eBadges&#8220; mit zehn Titeln f\u00e4ngt ein, was The Loft damals ausmachte und was sie bis heute pr\u00e4gt. Als Pioniere eines ganzen Genres m\u00fcssen sie weder sich selbst noch irgendjemand anderem etwas beweisen \u2013 und diese Leichtigkeit und stille Zuversicht durchdringen jeden Song des Albums.<\/p>\n\n\n\n<figure class=\"wp-block-gallery has-nested-images columns-default is-cropped wp-block-gallery-1 is-layout-flex wp-block-gallery-is-layout-flex\">\n<figure class=\"wp-block-image size-large\"><img loading=\"lazy\" decoding=\"async\" width=\"500\" height=\"500\" data-id=\"9220\" src=\"https:\/\/www.vollersound.com\/wp-content\/uploads\/2026\/05\/Web_TR608_THE-LOFT_Badges_3000px_rgb.jpg\" alt=\"\" class=\"wp-image-9220\" srcset=\"https:\/\/www.vollersound.com\/wp-content\/uploads\/2026\/05\/Web_TR608_THE-LOFT_Badges_3000px_rgb.jpg 500w, https:\/\/www.vollersound.com\/wp-content\/uploads\/2026\/05\/Web_TR608_THE-LOFT_Badges_3000px_rgb-300x300.jpg 300w, https:\/\/www.vollersound.com\/wp-content\/uploads\/2026\/05\/Web_TR608_THE-LOFT_Badges_3000px_rgb-150x150.jpg 150w, https:\/\/www.vollersound.com\/wp-content\/uploads\/2026\/05\/Web_TR608_THE-LOFT_Badges_3000px_rgb-100x100.jpg 100w\" sizes=\"auto, (max-width: 500px) 100vw, 500px\" \/><\/figure>\n\n\n\n<figure class=\"wp-block-image size-large\"><img loading=\"lazy\" decoding=\"async\" width=\"700\" height=\"409\" data-id=\"9221\" src=\"https:\/\/www.vollersound.com\/wp-content\/uploads\/2026\/05\/Web_The-Loft-2025-\u00a9-Ruth-Tidmarsh.jpg\" alt=\"\" class=\"wp-image-9221\" srcset=\"https:\/\/www.vollersound.com\/wp-content\/uploads\/2026\/05\/Web_The-Loft-2025-\u00a9-Ruth-Tidmarsh.jpg 700w, https:\/\/www.vollersound.com\/wp-content\/uploads\/2026\/05\/Web_The-Loft-2025-\u00a9-Ruth-Tidmarsh-300x175.jpg 300w\" sizes=\"auto, (max-width: 700px) 100vw, 700px\" \/><figcaption class=\"wp-element-caption\">\u00a9 Ruth Tidmarsh<\/figcaption><\/figure>\n\n\n\n<figure class=\"wp-block-image size-large\"><img loading=\"lazy\" decoding=\"async\" width=\"700\" height=\"394\" data-id=\"9219\" src=\"https:\/\/www.vollersound.com\/wp-content\/uploads\/2026\/05\/Web_The-Loft-2025-b-\u00a9-Ruth-Tidmarsh.jpg\" alt=\"\" class=\"wp-image-9219\" srcset=\"https:\/\/www.vollersound.com\/wp-content\/uploads\/2026\/05\/Web_The-Loft-2025-b-\u00a9-Ruth-Tidmarsh.jpg 700w, https:\/\/www.vollersound.com\/wp-content\/uploads\/2026\/05\/Web_The-Loft-2025-b-\u00a9-Ruth-Tidmarsh-300x169.jpg 300w\" sizes=\"auto, (max-width: 700px) 100vw, 700px\" \/><figcaption class=\"wp-element-caption\">\u00a9 Ruth Tidmarsh<\/figcaption><\/figure>\n<\/figure>\n\n\n\n<p><strong>01.05.26<\/strong><\/p>\n\n\n\n<p>Heute ist der <strong>01.05.2026 und \u201eHoopla&#8220;<\/strong>, das gro\u00dfartige neue Album von <a href=\"https:\/\/www.facebook.com\/weirdnightmare?__cft__[0]=AZaZlrOkXKWREkk3T8rY2r8ztEMmyDkPq0Pz_6sZBDRVB0aIwlXfkKsnh0jX-WfHuw8dLBfi99sjAjyK5AcL9elXE7eY_d4MWpnN5Oke7jSi6qoCGAGntV3RYJa_-1IQgSpGyNpNkQeKdznAKJsG8U5ONFjWeMRE_xuol-pey1yPQWpLWQBGO9psZcLVnT3UqyI&amp;__tn__=-]K-R\"><strong>Weird Nightmare<\/strong><\/a> (dem neuen Projekt von <strong>@metz_theband<\/strong>-Frontmann Alex Edkins), ist ab sofort weltweit als CD\/LP\/Streamingdienst bei <strong><a href=\"https:\/\/www.facebook.com\/subpoprecords?__cft__[0]=AZaZlrOkXKWREkk3T8rY2r8ztEMmyDkPq0Pz_6sZBDRVB0aIwlXfkKsnh0jX-WfHuw8dLBfi99sjAjyK5AcL9elXE7eY_d4MWpnN5Oke7jSi6qoCGAGntV3RYJa_-1IQgSpGyNpNkQeKdznAKJsG8U5ONFjWeMRE_xuol-pey1yPQWpLWQBGO9psZcLVnT3UqyI&amp;__tn__=-]K-R\">Sub Pop Records<\/a> <\/strong>und in Kanada bei <strong>@dinealonerecords<\/strong> erh\u00e4ltlich.<\/p>\n\n\n\n<figure class=\"wp-block-gallery has-nested-images columns-default is-cropped wp-block-gallery-2 is-layout-flex wp-block-gallery-is-layout-flex\">\n<figure class=\"wp-block-image size-large\"><img loading=\"lazy\" decoding=\"async\" width=\"700\" height=\"700\" data-id=\"9214\" src=\"https:\/\/www.vollersound.com\/wp-content\/uploads\/2026\/05\/Web_cover-Weird-Nightmare-Hoopla.jpg\" alt=\"\" class=\"wp-image-9214\" srcset=\"https:\/\/www.vollersound.com\/wp-content\/uploads\/2026\/05\/Web_cover-Weird-Nightmare-Hoopla.jpg 700w, https:\/\/www.vollersound.com\/wp-content\/uploads\/2026\/05\/Web_cover-Weird-Nightmare-Hoopla-300x300.jpg 300w, https:\/\/www.vollersound.com\/wp-content\/uploads\/2026\/05\/Web_cover-Weird-Nightmare-Hoopla-150x150.jpg 150w, https:\/\/www.vollersound.com\/wp-content\/uploads\/2026\/05\/Web_cover-Weird-Nightmare-Hoopla-100x100.jpg 100w\" sizes=\"auto, (max-width: 700px) 100vw, 700px\" \/><\/figure>\n\n\n\n<figure class=\"wp-block-image size-large\"><img loading=\"lazy\" decoding=\"async\" width=\"700\" height=\"464\" data-id=\"9215\" src=\"https:\/\/www.vollersound.com\/wp-content\/uploads\/2026\/05\/Web_Weird_Nightmare_2025_promo-3-\u00a9-Colin-Medley.jpg\" alt=\"\" class=\"wp-image-9215\" srcset=\"https:\/\/www.vollersound.com\/wp-content\/uploads\/2026\/05\/Web_Weird_Nightmare_2025_promo-3-\u00a9-Colin-Medley.jpg 700w, https:\/\/www.vollersound.com\/wp-content\/uploads\/2026\/05\/Web_Weird_Nightmare_2025_promo-3-\u00a9-Colin-Medley-300x199.jpg 300w\" sizes=\"auto, (max-width: 700px) 100vw, 700px\" \/><figcaption class=\"wp-element-caption\">\u00a9 Colin Medley<\/figcaption><\/figure>\n\n\n\n<figure class=\"wp-block-image size-large\"><img loading=\"lazy\" decoding=\"async\" width=\"500\" height=\"354\" data-id=\"9213\" src=\"https:\/\/www.vollersound.com\/wp-content\/uploads\/2026\/05\/Web_WeirdNightmare_Hoopla_Mockup_LP_EU_2000x1417.jpg\" alt=\"\" class=\"wp-image-9213\" srcset=\"https:\/\/www.vollersound.com\/wp-content\/uploads\/2026\/05\/Web_WeirdNightmare_Hoopla_Mockup_LP_EU_2000x1417.jpg 500w, https:\/\/www.vollersound.com\/wp-content\/uploads\/2026\/05\/Web_WeirdNightmare_Hoopla_Mockup_LP_EU_2000x1417-300x212.jpg 300w\" sizes=\"auto, (max-width: 500px) 100vw, 500px\" \/><\/figure>\n<\/figure>\n\n\n\n<p>Die New Yorker Band <strong>@youbet<\/strong> ver\u00f6ffentlicht heute, am <strong>01.05.2026<\/strong> ihr selbstbetitelte Album via <strong>@hardlyartrecords. <\/strong>Urspr\u00fcnglich als Soloprojekt von Llobet gestartet, hat sich youbet zu einem Duo entwickelt. Micah Prussack und Llobet fungieren dabei gleicherma\u00dfen als Entdecker und Wegweiser und pr\u00e4sentieren so selbstbewusst und eigenwillig ihre ganz eigenen, vielschichtigen Klangskulpturen, dass sie nur unter dem Namen youbet h\u00e4tten ver\u00f6ffentlicht werden k\u00f6nnen.<\/p>\n\n\n\n<figure class=\"wp-block-gallery has-nested-images columns-default is-cropped wp-block-gallery-3 is-layout-flex wp-block-gallery-is-layout-flex\">\n<figure class=\"wp-block-image size-large\"><img loading=\"lazy\" decoding=\"async\" width=\"500\" height=\"500\" data-id=\"9212\" src=\"https:\/\/www.vollersound.com\/wp-content\/uploads\/2026\/05\/Web_Youbet_Youbet_Cover_2400x2400.jpg\" alt=\"\" class=\"wp-image-9212\" srcset=\"https:\/\/www.vollersound.com\/wp-content\/uploads\/2026\/05\/Web_Youbet_Youbet_Cover_2400x2400.jpg 500w, https:\/\/www.vollersound.com\/wp-content\/uploads\/2026\/05\/Web_Youbet_Youbet_Cover_2400x2400-300x300.jpg 300w, https:\/\/www.vollersound.com\/wp-content\/uploads\/2026\/05\/Web_Youbet_Youbet_Cover_2400x2400-150x150.jpg 150w, https:\/\/www.vollersound.com\/wp-content\/uploads\/2026\/05\/Web_Youbet_Youbet_Cover_2400x2400-100x100.jpg 100w\" sizes=\"auto, (max-width: 500px) 100vw, 500px\" \/><\/figure>\n\n\n\n<figure class=\"wp-block-image size-large\"><img loading=\"lazy\" decoding=\"async\" width=\"700\" height=\"500\" data-id=\"9210\" src=\"https:\/\/www.vollersound.com\/wp-content\/uploads\/2026\/05\/Web_youbet-\u00a9-Eleanor-Petry.jpg\" alt=\"\" class=\"wp-image-9210\" srcset=\"https:\/\/www.vollersound.com\/wp-content\/uploads\/2026\/05\/Web_youbet-\u00a9-Eleanor-Petry.jpg 700w, https:\/\/www.vollersound.com\/wp-content\/uploads\/2026\/05\/Web_youbet-\u00a9-Eleanor-Petry-300x214.jpg 300w\" sizes=\"auto, (max-width: 700px) 100vw, 700px\" \/><figcaption class=\"wp-element-caption\">\u00a9 Eleanor Petry<\/figcaption><\/figure>\n\n\n\n<figure class=\"wp-block-image size-large\"><img loading=\"lazy\" decoding=\"async\" width=\"500\" height=\"354\" data-id=\"9211\" src=\"https:\/\/www.vollersound.com\/wp-content\/uploads\/2026\/05\/Web_youbet_youbet_Mockup_LP_US_2000x1417.jpg\" alt=\"\" class=\"wp-image-9211\" srcset=\"https:\/\/www.vollersound.com\/wp-content\/uploads\/2026\/05\/Web_youbet_youbet_Mockup_LP_US_2000x1417.jpg 500w, https:\/\/www.vollersound.com\/wp-content\/uploads\/2026\/05\/Web_youbet_youbet_Mockup_LP_US_2000x1417-300x212.jpg 300w\" sizes=\"auto, (max-width: 500px) 100vw, 500px\" \/><\/figure>\n<\/figure>\n\n\n\n<p><strong>24.04.26<\/strong><\/p>\n\n\n\n<p>Heute erscheint mit <strong>\u201eThe Hope And The Enemy&#8220; (Commitment\/DSP)<\/strong> die erste neue <strong>@zeronicmusic<\/strong> Single seit 14 Jahren \u2013 ein gitarrengetriebener, gegenw\u00e4rtiger Alternative-Track mit klarem Spannungsbogen und dringlichem Refrain. Der Song baut sich konsequent zu einem markanten H\u00f6hepunkt auf und kreist dabei um die Gleichzeitigkeit von Gegens\u00e4tzen. Die Single k\u00fcndigt auch das neue Album <strong>\u201eModernism&#8220;<\/strong> an, das im Oktober erscheint.<\/p>\n\n\n\n<p>Bitte sch\u00f6n, so kommt man zur\u00fcck, nicht anders!<\/p>\n\n\n\n<figure class=\"wp-block-gallery has-nested-images columns-default is-cropped wp-block-gallery-4 is-layout-flex wp-block-gallery-is-layout-flex\">\n<figure class=\"wp-block-image size-large\"><img loading=\"lazy\" decoding=\"async\" width=\"500\" height=\"500\" data-id=\"9208\" src=\"https:\/\/www.vollersound.com\/wp-content\/uploads\/2026\/05\/Web_FINAL_zeronic_The-Hope-And-The-Enemy_Cover-3000x3000_300-dpi.jpg\" alt=\"\" class=\"wp-image-9208\" srcset=\"https:\/\/www.vollersound.com\/wp-content\/uploads\/2026\/05\/Web_FINAL_zeronic_The-Hope-And-The-Enemy_Cover-3000x3000_300-dpi.jpg 500w, https:\/\/www.vollersound.com\/wp-content\/uploads\/2026\/05\/Web_FINAL_zeronic_The-Hope-And-The-Enemy_Cover-3000x3000_300-dpi-300x300.jpg 300w, https:\/\/www.vollersound.com\/wp-content\/uploads\/2026\/05\/Web_FINAL_zeronic_The-Hope-And-The-Enemy_Cover-3000x3000_300-dpi-150x150.jpg 150w, https:\/\/www.vollersound.com\/wp-content\/uploads\/2026\/05\/Web_FINAL_zeronic_The-Hope-And-The-Enemy_Cover-3000x3000_300-dpi-100x100.jpg 100w\" sizes=\"auto, (max-width: 500px) 100vw, 500px\" \/><\/figure>\n\n\n\n<figure class=\"wp-block-image size-large\"><img loading=\"lazy\" decoding=\"async\" width=\"700\" height=\"467\" data-id=\"9207\" src=\"https:\/\/www.vollersound.com\/wp-content\/uploads\/2026\/05\/Web_zeronic_1_\u00a9-Jakob-Gsoellpointner.jpg\" alt=\"\" class=\"wp-image-9207\" srcset=\"https:\/\/www.vollersound.com\/wp-content\/uploads\/2026\/05\/Web_zeronic_1_\u00a9-Jakob-Gsoellpointner.jpg 700w, https:\/\/www.vollersound.com\/wp-content\/uploads\/2026\/05\/Web_zeronic_1_\u00a9-Jakob-Gsoellpointner-300x200.jpg 300w\" sizes=\"auto, (max-width: 700px) 100vw, 700px\" \/><figcaption class=\"wp-element-caption\">\u00a9 Jakob Gsoellpointner<\/figcaption><\/figure>\n<\/figure>\n\n\n\n<p><strong>@tofusmell<\/strong> \u2013 das Musikprojekt des aus Orlando stammenden Musikers und S\u00e4ngers Rae Chen \u2013 ver\u00f6ffentlicht heute sein Deb\u00fctalbum <strong>\u201eAll My Time&#8220;<\/strong> als CD und digital beim renommierten Label <strong>@hardlyartrecords.<\/strong> Bei seinem Deb\u00fctalbum pr\u00e4sentiert Chens unverkennbare Pr\u00e4zision in verletzlichem, ungesch\u00f6ntem Songwriting, mit einer umfangreicheren, \u00fcppigeren und ausgefeilteren Produktion als je zuvor.<\/p>\n\n\n\n<figure class=\"wp-block-gallery has-nested-images columns-default is-cropped wp-block-gallery-5 is-layout-flex wp-block-gallery-is-layout-flex\">\n<figure class=\"wp-block-image size-large\"><img loading=\"lazy\" decoding=\"async\" width=\"500\" height=\"500\" data-id=\"9204\" src=\"https:\/\/www.vollersound.com\/wp-content\/uploads\/2026\/05\/Web_Tofusmell_AllMyTime_Cover_2400x2400.jpg\" alt=\"\" class=\"wp-image-9204\" srcset=\"https:\/\/www.vollersound.com\/wp-content\/uploads\/2026\/05\/Web_Tofusmell_AllMyTime_Cover_2400x2400.jpg 500w, https:\/\/www.vollersound.com\/wp-content\/uploads\/2026\/05\/Web_Tofusmell_AllMyTime_Cover_2400x2400-300x300.jpg 300w, https:\/\/www.vollersound.com\/wp-content\/uploads\/2026\/05\/Web_Tofusmell_AllMyTime_Cover_2400x2400-150x150.jpg 150w, https:\/\/www.vollersound.com\/wp-content\/uploads\/2026\/05\/Web_Tofusmell_AllMyTime_Cover_2400x2400-100x100.jpg 100w\" sizes=\"auto, (max-width: 500px) 100vw, 500px\" \/><\/figure>\n\n\n\n<figure class=\"wp-block-image size-large\"><img loading=\"lazy\" decoding=\"async\" width=\"700\" height=\"467\" data-id=\"9205\" src=\"https:\/\/www.vollersound.com\/wp-content\/uploads\/2026\/05\/Web_tofusmelll_2026_promo_01_\u00a9-Christina_Oyawale.jpg\" alt=\"\" class=\"wp-image-9205\" srcset=\"https:\/\/www.vollersound.com\/wp-content\/uploads\/2026\/05\/Web_tofusmelll_2026_promo_01_\u00a9-Christina_Oyawale.jpg 700w, https:\/\/www.vollersound.com\/wp-content\/uploads\/2026\/05\/Web_tofusmelll_2026_promo_01_\u00a9-Christina_Oyawale-300x200.jpg 300w\" sizes=\"auto, (max-width: 700px) 100vw, 700px\" \/><figcaption class=\"wp-element-caption\">\u00a9 Christina_Oyawale<\/figcaption><\/figure>\n\n\n\n<figure class=\"wp-block-image size-large\"><img loading=\"lazy\" decoding=\"async\" width=\"700\" height=\"467\" data-id=\"9206\" src=\"https:\/\/www.vollersound.com\/wp-content\/uploads\/2026\/05\/Web_Web_tofusmelll_2026_promo_02_\u00a9-Christina_Oyawale.jpg\" alt=\"\" class=\"wp-image-9206\" srcset=\"https:\/\/www.vollersound.com\/wp-content\/uploads\/2026\/05\/Web_Web_tofusmelll_2026_promo_02_\u00a9-Christina_Oyawale.jpg 700w, https:\/\/www.vollersound.com\/wp-content\/uploads\/2026\/05\/Web_Web_tofusmelll_2026_promo_02_\u00a9-Christina_Oyawale-300x200.jpg 300w\" sizes=\"auto, (max-width: 700px) 100vw, 700px\" \/><figcaption class=\"wp-element-caption\">\u00a9 Christina_Oyawale<\/figcaption><\/figure>\n<\/figure>\n\n\n\n<p><\/p>\n","protected":false},"excerpt":{"rendered":"<p>08.05.26 Nach der Ver\u00f6ffentlichung ihres ersten Studioalbums im letzten Jahr, mehr als 40 Jahre nach ihrer Aufl\u00f6sung, kehren @the_loft_uk mit ihrem zweiten Album auf @tapeterecords zur\u00fcck. \u201eBadges&#8220; mit zehn Titeln f\u00e4ngt ein, was The Loft damals ausmachte und was sie bis heute pr\u00e4gt. Als Pioniere eines ganzen Genres m\u00fcssen sie weder sich selbst noch irgendjemand &hellip; <\/p>\n<p class=\"link-more\"><a href=\"https:\/\/www.vollersound.com\/\" class=\"more-link\"><span class=\"screen-reader-text\">\u201eNews\u201c <\/span>weiterlesen<\/a><\/p>\n","protected":false},"author":1,"featured_media":0,"parent":0,"menu_order":0,"comment_status":"closed","ping_status":"closed","template":"","meta":{"footnotes":""},"class_list":["post-260","page","type-page","status-publish","hentry"],"_links":{"self":[{"href":"https:\/\/www.vollersound.com\/index.php?rest_route=\/wp\/v2\/pages\/260","targetHints":{"allow":["GET"]}}],"collection":[{"href":"https:\/\/www.vollersound.com\/index.php?rest_route=\/wp\/v2\/pages"}],"about":[{"href":"https:\/\/www.vollersound.com\/index.php?rest_route=\/wp\/v2\/types\/page"}],"author":[{"embeddable":true,"href":"https:\/\/www.vollersound.com\/index.php?rest_route=\/wp\/v2\/users\/1"}],"replies":[{"embeddable":true,"href":"https:\/\/www.vollersound.com\/index.php?rest_route=%2Fwp%2Fv2%2Fcomments&post=260"}],"version-history":[{"count":883,"href":"https:\/\/www.vollersound.com\/index.php?rest_route=\/wp\/v2\/pages\/260\/revisions"}],"predecessor-version":[{"id":9222,"href":"https:\/\/www.vollersound.com\/index.php?rest_route=\/wp\/v2\/pages\/260\/revisions\/9222"}],"wp:attachment":[{"href":"https:\/\/www.vollersound.com\/index.php?rest_route=%2Fwp%2Fv2%2Fmedia&parent=260"}],"curies":[{"name":"wp","href":"https:\/\/api.w.org\/{rel}","templated":true}]}}