{"id":9395,"date":"2026-08-14T09:34:03","date_gmt":"2026-08-14T07:34:03","guid":{"rendered":"http:\/\/www.vollersound.com\/wp-content\/uploads\/2026\/08\/ACHTUNG-Cover.jpg"},"modified":"2026-09-01T11:10:06","modified_gmt":"2026-09-01T09:10:06","slug":"achtung-cover","status":"inherit","type":"attachment","link":"https:\/\/www.vollersound.com\/?attachment_id=9395","title":{"rendered":"Tino Schulter"},"author":1,"featured_media":0,"comment_status":"open","ping_status":"closed","template":"","meta":[],"class_list":["post-9395","attachment","type-attachment","status-inherit","hentry"],"description":{"rendered":"<p class=\"attachment\"><a href='https:\/\/www.vollersound.com\/wp-content\/uploads\/2026\/08\/ACHTUNG-Cover.jpg'><img loading=\"lazy\" decoding=\"async\" width=\"300\" height=\"300\" src=\"https:\/\/www.vollersound.com\/wp-content\/uploads\/2026\/08\/ACHTUNG-Cover-300x300.jpg\" class=\"attachment-medium size-medium\" alt=\"\" srcset=\"https:\/\/www.vollersound.com\/wp-content\/uploads\/2026\/08\/ACHTUNG-Cover-300x300.jpg 300w, https:\/\/www.vollersound.com\/wp-content\/uploads\/2026\/08\/ACHTUNG-Cover-1024x1024.jpg 1024w, https:\/\/www.vollersound.com\/wp-content\/uploads\/2026\/08\/ACHTUNG-Cover-150x150.jpg 150w, https:\/\/www.vollersound.com\/wp-content\/uploads\/2026\/08\/ACHTUNG-Cover-768x768.jpg 768w, https:\/\/www.vollersound.com\/wp-content\/uploads\/2026\/08\/ACHTUNG-Cover-100x100.jpg 100w, https:\/\/www.vollersound.com\/wp-content\/uploads\/2026\/08\/ACHTUNG-Cover.jpg 1500w\" sizes=\"auto, 100vw\" \/><\/a><\/p>\n<p>Achtung. Pass auf, was du denkst, sagst, schreibst, machst. Wo du dich informierst. Wie du mit deinen Mitmenschen umgehst. Schenk ihnen Achtung. Auch wenn sie nicht deiner Meinung sind. Halte Widerspr\u00fcche aus. Verachte sie nicht hinter der Maske des Pseudonyms. Denn das ist feig  und verantwortungslos. Zeiten wie diese brauchen Haltung mit Respekt und Wertsch\u00e4tzung. <\/p>\n<p>Tino Schulter gelingt mit seiner neuen EP &#8222;Achtung&#8220; (V\u00d6: 09.10.2026\/Studio77\/CD und Digital) eine eindringliche Betrachtung unserer Gegenwart aus verschiedenen, teils melancholischen, teils bissigen, aber immer humorvollen Blickwinkeln und l\u00e4sst uns alle mit dem Gef\u00fchl zur\u00fcck: es wird alles gut (wenn es das nicht schon ist). <\/p>\n<p>Als Vorbote erscheint am 04.09.2026 seine neue Single &#8222;Flixbus zur H\u00f6lle&#8220; (DSP).<\/p>\n"},"caption":{"rendered":"<p>Tino Schulter \u00a9 Tino Schulter<\/p>\n"},"alt_text":"","media_type":"image","mime_type":"image\/jpeg","media_details":{"width":1500,"height":1500,"file":"2026\/08\/ACHTUNG-Cover.jpg","filesize":563527,"sizes":{"medium":{"file":"ACHTUNG-Cover-300x300.jpg","width":300,"height":300,"filesize":11617,"mime_type":"image\/jpeg","source_url":"https:\/\/www.vollersound.com\/wp-content\/uploads\/2026\/08\/ACHTUNG-Cover-300x300.jpg"},"large":{"file":"ACHTUNG-Cover-1024x1024.jpg","width":1024,"height":1024,"filesize":57147,"mime_type":"image\/jpeg","source_url":"https:\/\/www.vollersound.com\/wp-content\/uploads\/2026\/08\/ACHTUNG-Cover-1024x1024.jpg"},"thumbnail":{"file":"ACHTUNG-Cover-150x150.jpg","width":150,"height":150,"filesize":4938,"mime_type":"image\/jpeg","source_url":"https:\/\/www.vollersound.com\/wp-content\/uploads\/2026\/08\/ACHTUNG-Cover-150x150.jpg"},"medium_large":{"file":"ACHTUNG-Cover-768x768.jpg","width":768,"height":768,"filesize":38634,"mime_type":"image\/jpeg","source_url":"https:\/\/www.vollersound.com\/wp-content\/uploads\/2026\/08\/ACHTUNG-Cover-768x768.jpg"},"twentyseventeen-featured-image":{"file":"ACHTUNG-Cover-1500x1200.jpg","width":1500,"height":1200,"filesize":88891,"mime_type":"image\/jpeg","source_url":"https:\/\/www.vollersound.com\/wp-content\/uploads\/2026\/08\/ACHTUNG-Cover-1500x1200.jpg"},"twentyseventeen-thumbnail-avatar":{"file":"ACHTUNG-Cover-100x100.jpg","width":100,"height":100,"filesize":3183,"mime_type":"image\/jpeg","source_url":"https:\/\/www.vollersound.com\/wp-content\/uploads\/2026\/08\/ACHTUNG-Cover-100x100.jpg"},"full":{"file":"ACHTUNG-Cover.jpg","width":1500,"height":1500,"mime_type":"image\/jpeg","source_url":"https:\/\/www.vollersound.com\/wp-content\/uploads\/2026\/08\/ACHTUNG-Cover.jpg"}},"image_meta":{"aperture":"0","credit":"","camera":"","caption":"","created_timestamp":"0","copyright":"","focal_length":"0","iso":"0","shutter_speed":"0","title":"","orientation":"1","keywords":[],"alt":""}},"post":149,"source_url":"https:\/\/www.vollersound.com\/wp-content\/uploads\/2026\/08\/ACHTUNG-Cover.jpg","filename":"ACHTUNG-Cover.jpg","filesize":563527,"_links":{"self":[{"href":"https:\/\/www.vollersound.com\/index.php?rest_route=\/wp\/v2\/media\/9395","targetHints":{"allow":["GET"]}}],"collection":[{"href":"https:\/\/www.vollersound.com\/index.php?rest_route=\/wp\/v2\/media"}],"about":[{"href":"https:\/\/www.vollersound.com\/index.php?rest_route=\/wp\/v2\/types\/attachment"}],"author":[{"embeddable":true,"href":"https:\/\/www.vollersound.com\/index.php?rest_route=\/wp\/v2\/users\/1"}],"replies":[{"embeddable":true,"href":"https:\/\/www.vollersound.com\/index.php?rest_route=%2Fwp%2Fv2%2Fcomments&post=9395"}],"wp:attached-to":[{"embeddable":true,"post_type":"page","id":149,"href":"https:\/\/www.vollersound.com\/index.php?rest_route=\/wp\/v2\/pages\/149"}],"curies":[{"name":"wp","href":"https:\/\/api.w.org\/{rel}","templated":true}]}}

<p class="attachment"><a href='https://www.vollersound.com/wp-content/uploads/2026/08/ACHTUNG-Cover.jpg'><img loading="lazy" decoding="async" width="300" height="300" src="https://www.vollersound.com/wp-content/uploads/2026/08/ACHTUNG-Cover-300x300.jpg" class="attachment-medium size-medium" alt="" srcset="https://www.vollersound.com/wp-content/uploads/2026/08/ACHTUNG-Cover-300x300.jpg 300w, https://www.vollersound.com/wp-content/uploads/2026/08/ACHTUNG-Cover-1024x1024.jpg 1024w, https://www.vollersound.com/wp-content/uploads/2026/08/ACHTUNG-Cover-150x150.jpg 150w, https://www.vollersound.com/wp-content/uploads/2026/08/ACHTUNG-Cover-768x768.jpg 768w, https://www.vollersound.com/wp-content/uploads/2026/08/ACHTUNG-Cover-100x100.jpg 100w, https://www.vollersound.com/wp-content/uploads/2026/08/ACHTUNG-Cover.jpg 1500w" sizes="auto, 100vw" /></a></p>
<p>Achtung. Pass auf, was du denkst, sagst, schreibst, machst. Wo du dich informierst. Wie du mit deinen Mitmenschen umgehst. Schenk ihnen Achtung. Auch wenn sie nicht deiner Meinung sind. Halte Widersprüche aus. Verachte sie nicht hinter der Maske des Pseudonyms. Denn das ist feig  und verantwortungslos. Zeiten wie diese brauchen Haltung mit Respekt und Wertschätzung. </p>
<p>Tino Schulter gelingt mit seiner neuen EP &#8222;Achtung&#8220; (VÖ: 09.10.2026/Studio77/CD und Digital) eine eindringliche Betrachtung unserer Gegenwart aus verschiedenen, teils melancholischen, teils bissigen, aber immer humorvollen Blickwinkeln und lässt uns alle mit dem Gefühl zurück: es wird alles gut (wenn es das nicht schon ist). </p>
<p>Als Vorbote erscheint am 04.09.2026 seine neue Single &#8222;Flixbus zur Hölle&#8220; (DSP).</p>
