{"id":9354,"date":"2026-07-20T18:48:51","date_gmt":"2026-07-20T16:48:51","guid":{"rendered":"http:\/\/www.vollersound.com\/wp-content\/uploads\/2026\/07\/BB509_FAUST_Ungebunden_3000px_rgb.jpeg"},"modified":"2026-07-27T17:48:23","modified_gmt":"2026-07-27T15:48:23","slug":"bb509_faust_ungebunden_3000px_rgb","status":"inherit","type":"attachment","link":"https:\/\/www.vollersound.com\/?attachment_id=9354","title":{"rendered":"FAUST &#8211; Ungebunden (curated by Hans-Joachim Irmler)"},"author":1,"featured_media":0,"comment_status":"open","ping_status":"closed","template":"","meta":[],"class_list":["post-9354","attachment","type-attachment","status-inherit","hentry"],"description":{"rendered":"<p class=\"attachment\"><a href='https:\/\/www.vollersound.com\/wp-content\/uploads\/2026\/07\/BB509_FAUST_Ungebunden_3000px_rgb.jpeg'><img loading=\"lazy\" decoding=\"async\" width=\"240\" height=\"240\" src=\"https:\/\/www.vollersound.com\/wp-content\/uploads\/2026\/07\/BB509_FAUST_Ungebunden_3000px_rgb.jpeg\" class=\"attachment-medium size-medium\" alt=\"\" srcset=\"https:\/\/www.vollersound.com\/wp-content\/uploads\/2026\/07\/BB509_FAUST_Ungebunden_3000px_rgb.jpeg 240w, https:\/\/www.vollersound.com\/wp-content\/uploads\/2026\/07\/BB509_FAUST_Ungebunden_3000px_rgb-150x150.jpeg 150w, https:\/\/www.vollersound.com\/wp-content\/uploads\/2026\/07\/BB509_FAUST_Ungebunden_3000px_rgb-100x100.jpeg 100w\" sizes=\"auto, 100vw\" \/><\/a><\/p>\n<p>Faust &#8211; Ungebunden (curated by Hans-Joachim Irmler):Fim Laufe der Jahre hat Faust viele Gestalten angenommen \u2013 so eigenst\u00e4ndig wie die Finger einer Hand, und doch vereint wie die Hand, die sich zur Faust ballt. In dieser neuen LP-Reihe bei Bureau B (V\u00d6: 25.09.2026) pr\u00e4sentiert jedes noch lebende Mitglied der legend\u00e4ren Besetzung aus den Jahren 1971 bis 1974 seine ganz pers\u00f6nliche Interpretation des Faust-Mythos; ob allein oder in Zusammenarbeit mit anderen, es entsteht neues Material, das ihre heutige Vision dessen widerspiegelt, was Faust sein kann.<\/p>\n<p>Seit mehr als einem halben Jahrhundert lotet Hans Joachim Irmler die \u00e4u\u00dfersten Grenzen des Klangs aus.<br \/>\nSchon als Kind vernachl\u00e4ssigte er seine Fl\u00f6te, um an den Saiten der Zither seiner Gro\u00dfmutter zu zupfen \u2013 wobei er sich auf der Suche nach mehr Resonanz und Lautst\u00e4rke die Finger aufschnitt. Von der physischen Kraft des Klangs schon fr\u00fch in den Bann gezogen, fand er schlie\u00dflich in der Orgel sein Instrument; deren gewaltiges Klangspektrum bot schier unendliche M\u00f6glichkeiten. Noch heute tritt er auf jener Orgel auf, die er einst selbst gebaut hat. Indem er seine Klangpalette um Synthesizer, Bandmanipulationen und eigenh\u00e4ndig modifizierte Elektronik erweiterte, begriff Irmler Musik stets weniger als Komposition denn als Naturgewalt \u2013 eine Kraft, die sowohl den Interpreten als auch den Zuh\u00f6rer \u00fcberw\u00e4ltigen, desorientieren, destabilisieren und verwandeln kann.<\/p>\n<p>\u201eUngebunden&#8220; setzt diesen Weg fort. Das Album, das Irmler im Alleingang innerhalb von nur drei Wochen im Faust-Studio in Scheer aufnahm, betrachtet Faust nicht als Repertoire oder historisches Artefakt, sondern als ein fortw\u00e4hrendes Gef\u00e4\u00df f\u00fcr reine Kreativit\u00e4t. Irmler arbeitet vorwiegend improvisatorisch; er beginnt mit kaum mehr als einer Richtung oder einem Impuls und l\u00e4sst zu, dass das Material im Verlauf seiner Entfaltung seine eigene Logik offenbart.<\/p>\n"},"caption":{"rendered":"<p>FAUST_Ungebunden<\/p>\n"},"alt_text":"","media_type":"image","mime_type":"image\/jpeg","media_details":{"width":240,"height":240,"file":"2026\/07\/BB509_FAUST_Ungebunden_3000px_rgb.jpeg","filesize":14424,"sizes":{"thumbnail":{"file":"BB509_FAUST_Ungebunden_3000px_rgb-150x150.jpeg","width":150,"height":150,"filesize":3920,"mime_type":"image\/jpeg","source_url":"https:\/\/www.vollersound.com\/wp-content\/uploads\/2026\/07\/BB509_FAUST_Ungebunden_3000px_rgb-150x150.jpeg"},"twentyseventeen-thumbnail-avatar":{"file":"BB509_FAUST_Ungebunden_3000px_rgb-100x100.jpeg","width":100,"height":100,"filesize":2229,"mime_type":"image\/jpeg","source_url":"https:\/\/www.vollersound.com\/wp-content\/uploads\/2026\/07\/BB509_FAUST_Ungebunden_3000px_rgb-100x100.jpeg"},"full":{"file":"BB509_FAUST_Ungebunden_3000px_rgb.jpeg","width":240,"height":240,"mime_type":"image\/jpeg","source_url":"https:\/\/www.vollersound.com\/wp-content\/uploads\/2026\/07\/BB509_FAUST_Ungebunden_3000px_rgb.jpeg"}},"image_meta":{"aperture":"0","credit":"","camera":"","caption":"","created_timestamp":"0","copyright":"","focal_length":"0","iso":"0","shutter_speed":"0","title":"","orientation":"1","keywords":[],"alt":""}},"post":149,"source_url":"https:\/\/www.vollersound.com\/wp-content\/uploads\/2026\/07\/BB509_FAUST_Ungebunden_3000px_rgb.jpeg","filename":"BB509_FAUST_Ungebunden_3000px_rgb.jpeg","filesize":14424,"_links":{"self":[{"href":"https:\/\/www.vollersound.com\/index.php?rest_route=\/wp\/v2\/media\/9354","targetHints":{"allow":["GET"]}}],"collection":[{"href":"https:\/\/www.vollersound.com\/index.php?rest_route=\/wp\/v2\/media"}],"about":[{"href":"https:\/\/www.vollersound.com\/index.php?rest_route=\/wp\/v2\/types\/attachment"}],"author":[{"embeddable":true,"href":"https:\/\/www.vollersound.com\/index.php?rest_route=\/wp\/v2\/users\/1"}],"replies":[{"embeddable":true,"href":"https:\/\/www.vollersound.com\/index.php?rest_route=%2Fwp%2Fv2%2Fcomments&post=9354"}],"wp:attached-to":[{"embeddable":true,"post_type":"page","id":149,"href":"https:\/\/www.vollersound.com\/index.php?rest_route=\/wp\/v2\/pages\/149"}],"curies":[{"name":"wp","href":"https:\/\/api.w.org\/{rel}","templated":true}]}}

<p class="attachment"><a href='https://www.vollersound.com/wp-content/uploads/2026/07/BB509_FAUST_Ungebunden_3000px_rgb.jpeg'><img loading="lazy" decoding="async" width="240" height="240" src="https://www.vollersound.com/wp-content/uploads/2026/07/BB509_FAUST_Ungebunden_3000px_rgb.jpeg" class="attachment-medium size-medium" alt="" srcset="https://www.vollersound.com/wp-content/uploads/2026/07/BB509_FAUST_Ungebunden_3000px_rgb.jpeg 240w, https://www.vollersound.com/wp-content/uploads/2026/07/BB509_FAUST_Ungebunden_3000px_rgb-150x150.jpeg 150w, https://www.vollersound.com/wp-content/uploads/2026/07/BB509_FAUST_Ungebunden_3000px_rgb-100x100.jpeg 100w" sizes="auto, 100vw" /></a></p>
<p>Faust &#8211; Ungebunden (curated by Hans-Joachim Irmler):Fim Laufe der Jahre hat Faust viele Gestalten angenommen – so eigenständig wie die Finger einer Hand, und doch vereint wie die Hand, die sich zur Faust ballt. In dieser neuen LP-Reihe bei Bureau B (VÖ: 25.09.2026) präsentiert jedes noch lebende Mitglied der legendären Besetzung aus den Jahren 1971 bis 1974 seine ganz persönliche Interpretation des Faust-Mythos; ob allein oder in Zusammenarbeit mit anderen, es entsteht neues Material, das ihre heutige Vision dessen widerspiegelt, was Faust sein kann.</p>
<p>Seit mehr als einem halben Jahrhundert lotet Hans Joachim Irmler die äußersten Grenzen des Klangs aus.<br />
Schon als Kind vernachlässigte er seine Flöte, um an den Saiten der Zither seiner Großmutter zu zupfen – wobei er sich auf der Suche nach mehr Resonanz und Lautstärke die Finger aufschnitt. Von der physischen Kraft des Klangs schon früh in den Bann gezogen, fand er schließlich in der Orgel sein Instrument; deren gewaltiges Klangspektrum bot schier unendliche Möglichkeiten. Noch heute tritt er auf jener Orgel auf, die er einst selbst gebaut hat. Indem er seine Klangpalette um Synthesizer, Bandmanipulationen und eigenhändig modifizierte Elektronik erweiterte, begriff Irmler Musik stets weniger als Komposition denn als Naturgewalt – eine Kraft, die sowohl den Interpreten als auch den Zuhörer überwältigen, desorientieren, destabilisieren und verwandeln kann.</p>
<p>„Ungebunden&#8220; setzt diesen Weg fort. Das Album, das Irmler im Alleingang innerhalb von nur drei Wochen im Faust-Studio in Scheer aufnahm, betrachtet Faust nicht als Repertoire oder historisches Artefakt, sondern als ein fortwährendes Gefäß für reine Kreativität. Irmler arbeitet vorwiegend improvisatorisch; er beginnt mit kaum mehr als einer Richtung oder einem Impuls und lässt zu, dass das Material im Verlauf seiner Entfaltung seine eigene Logik offenbart.</p>
