{"id":9353,"date":"2026-07-20T18:48:51","date_gmt":"2026-07-20T16:48:51","guid":{"rendered":"http:\/\/www.vollersound.com\/wp-content\/uploads\/2026\/07\/BB488_FaUSt_Moi_3000px_rgb.jpeg"},"modified":"2026-07-27T17:51:12","modified_gmt":"2026-07-27T15:51:12","slug":"bb488_faust_moi_3000px_rgb","status":"inherit","type":"attachment","link":"https:\/\/www.vollersound.com\/?attachment_id=9353","title":{"rendered":"Faust &#8211; Moi (curated by Jean-Herv\u00e9 P\u00e9ron)"},"author":1,"featured_media":0,"comment_status":"open","ping_status":"closed","template":"","meta":[],"class_list":["post-9353","attachment","type-attachment","status-inherit","hentry"],"description":{"rendered":"<p class=\"attachment\"><a href='https:\/\/www.vollersound.com\/wp-content\/uploads\/2026\/07\/BB488_FaUSt_Moi_3000px_rgb.jpeg'><img loading=\"lazy\" decoding=\"async\" width=\"240\" height=\"240\" src=\"https:\/\/www.vollersound.com\/wp-content\/uploads\/2026\/07\/BB488_FaUSt_Moi_3000px_rgb.jpeg\" class=\"attachment-medium size-medium\" alt=\"\" srcset=\"https:\/\/www.vollersound.com\/wp-content\/uploads\/2026\/07\/BB488_FaUSt_Moi_3000px_rgb.jpeg 240w, https:\/\/www.vollersound.com\/wp-content\/uploads\/2026\/07\/BB488_FaUSt_Moi_3000px_rgb-150x150.jpeg 150w, https:\/\/www.vollersound.com\/wp-content\/uploads\/2026\/07\/BB488_FaUSt_Moi_3000px_rgb-100x100.jpeg 100w\" sizes=\"auto, 100vw\" \/><\/a><\/p>\n<p>Faust &#8211; Moi (curated by Jean-Herv\u00e9 P\u00e9ron) V\u00d6: 25.09.2026 Bureau B<\/p>\n<p>Im Laufe der Jahre hat Faust viele Gestalten angenommen \u2013 so eigenst\u00e4ndig wie die Finger einer Hand, und doch vereint wie die Hand, die sich zur Faust ballt. In dieser neuen LP-Reihe bei Bureau B (V\u00d6: 25.09.2026) pr\u00e4sentiert jedes noch lebende Mitglied der legend\u00e4ren Besetzung aus den Jahren 1971 bis 1974 seine ganz pers\u00f6nliche Interpretation des Faust-Mythos; ob allein oder in Zusammenarbeit mit anderen, es entsteht neues Material, das ihre heutige Vision dessen widerspiegelt, was Faust sein kann.<\/p>\n<p>Schon seit seiner Kindheit widmet sich Jean-Herv\u00e9 P\u00e9ron der Kreativit\u00e4t, wo immer er ihr begegnet. Ob im Duett mit dem Klang seiner eigenen Schritte, in der Zusammenarbeit mit Betonmischern oder beim Experimentieren mit Instrumenten aller Art \u2013 das spielerische Element steht im Mittelpunkt seines Schaffens. Dieses neue Album versammelt Ideen, Erinnerungen und unvollendete Projekte, die sich im Laufe seines Lebens angesammelt haben. Der augenzwinkernde Untertitel \u201eMaybe Of Interest&#8220; (vielleicht von Interesse) birgt einen typischen P\u00e9ron-Witz: Die Abk\u00fcrzung MOI k\u00f6nnte zwar ein gewisses Selbstbewusstsein oder gar Egozentrik andeuten, doch der Untertitel konterkariert dies auf sanfte Weise und offenbart jene Verletzlichkeit, den Humor und die Selbstreflexion, die das gesamte Album durchziehen. Tats\u00e4chlich ist MOI alles andere als ein Alleingang. Unter dem Namen FaUSt ver\u00f6ffentlicht \u2013 wobei die Buchstaben \u201eUS&#8220; bewusst gro\u00dfgeschrieben sind \u2013, spiegelt das Album P\u00e9rons Glauben an Zusammenarbeit, Freundschaft und kollektive Kreativit\u00e4t wider und vereint ein breites Netzwerk aus Musikern, Tontechnikern, Autoren und Performern aus dem erweiterten Faust-Umfeld. Mehr als zwanzig Personen waren an den Aufnahmen beteiligt, wodurch MOI ebenso sehr ein Gemeinschaftsprojekt wie ein pers\u00f6nliches Statement ist.<\/p>\n<p>Das Album entstand im Laufe von zwei Winterwochen im Studio in Schiphorst (Norddeutschland) und verbindet auf geschickte Weise die gegens\u00e4tzlichen Pole akribischer Planung, freier Improvisation und zuf\u00e4lliger Entdeckungen; dabei sch\u00f6pft MOI gleicherma\u00dfen aus Kindheitserinnerungen, Fluxus-Prinzipien, dadaistischem Humor und zutiefst pers\u00f6nlichen Erlebnissen. Das Resultat ist ein Album, das sich m\u00fchelos zwischen Musique concr\u00e8te, Avant-Pop, Jazz, Spoken Word und experimenteller Elektronik bewegt \u2013 vereint durch P\u00e9rons Neugier und seinen unb\u00e4ndigen Spieltrieb.<\/p>\n"},"caption":{"rendered":"<p>FaUSt_Moi<\/p>\n"},"alt_text":"","media_type":"image","mime_type":"image\/jpeg","media_details":{"width":240,"height":240,"file":"2026\/07\/BB488_FaUSt_Moi_3000px_rgb.jpeg","filesize":22572,"sizes":{"thumbnail":{"file":"BB488_FaUSt_Moi_3000px_rgb-150x150.jpeg","width":150,"height":150,"filesize":5559,"mime_type":"image\/jpeg","source_url":"https:\/\/www.vollersound.com\/wp-content\/uploads\/2026\/07\/BB488_FaUSt_Moi_3000px_rgb-150x150.jpeg"},"twentyseventeen-thumbnail-avatar":{"file":"BB488_FaUSt_Moi_3000px_rgb-100x100.jpeg","width":100,"height":100,"filesize":2987,"mime_type":"image\/jpeg","source_url":"https:\/\/www.vollersound.com\/wp-content\/uploads\/2026\/07\/BB488_FaUSt_Moi_3000px_rgb-100x100.jpeg"},"full":{"file":"BB488_FaUSt_Moi_3000px_rgb.jpeg","width":240,"height":240,"mime_type":"image\/jpeg","source_url":"https:\/\/www.vollersound.com\/wp-content\/uploads\/2026\/07\/BB488_FaUSt_Moi_3000px_rgb.jpeg"}},"image_meta":{"aperture":"0","credit":"","camera":"","caption":"","created_timestamp":"0","copyright":"","focal_length":"0","iso":"0","shutter_speed":"0","title":"","orientation":"1","keywords":[],"alt":""}},"post":149,"source_url":"https:\/\/www.vollersound.com\/wp-content\/uploads\/2026\/07\/BB488_FaUSt_Moi_3000px_rgb.jpeg","filename":"BB488_FaUSt_Moi_3000px_rgb.jpeg","filesize":22572,"_links":{"self":[{"href":"https:\/\/www.vollersound.com\/index.php?rest_route=\/wp\/v2\/media\/9353","targetHints":{"allow":["GET"]}}],"collection":[{"href":"https:\/\/www.vollersound.com\/index.php?rest_route=\/wp\/v2\/media"}],"about":[{"href":"https:\/\/www.vollersound.com\/index.php?rest_route=\/wp\/v2\/types\/attachment"}],"author":[{"embeddable":true,"href":"https:\/\/www.vollersound.com\/index.php?rest_route=\/wp\/v2\/users\/1"}],"replies":[{"embeddable":true,"href":"https:\/\/www.vollersound.com\/index.php?rest_route=%2Fwp%2Fv2%2Fcomments&post=9353"}],"wp:attached-to":[{"embeddable":true,"post_type":"page","id":149,"href":"https:\/\/www.vollersound.com\/index.php?rest_route=\/wp\/v2\/pages\/149"}],"curies":[{"name":"wp","href":"https:\/\/api.w.org\/{rel}","templated":true}]}}

Faust &#8211; Moi (curated by Jean-Hervé Péron)

<p class="attachment"><a href='https://www.vollersound.com/wp-content/uploads/2026/07/BB488_FaUSt_Moi_3000px_rgb.jpeg'><img loading="lazy" decoding="async" width="240" height="240" src="https://www.vollersound.com/wp-content/uploads/2026/07/BB488_FaUSt_Moi_3000px_rgb.jpeg" class="attachment-medium size-medium" alt="" srcset="https://www.vollersound.com/wp-content/uploads/2026/07/BB488_FaUSt_Moi_3000px_rgb.jpeg 240w, https://www.vollersound.com/wp-content/uploads/2026/07/BB488_FaUSt_Moi_3000px_rgb-150x150.jpeg 150w, https://www.vollersound.com/wp-content/uploads/2026/07/BB488_FaUSt_Moi_3000px_rgb-100x100.jpeg 100w" sizes="auto, 100vw" /></a></p>
<p>Faust &#8211; Moi (curated by Jean-Hervé Péron) VÖ: 25.09.2026 Bureau B</p>
<p>Im Laufe der Jahre hat Faust viele Gestalten angenommen – so eigenständig wie die Finger einer Hand, und doch vereint wie die Hand, die sich zur Faust ballt. In dieser neuen LP-Reihe bei Bureau B (VÖ: 25.09.2026) präsentiert jedes noch lebende Mitglied der legendären Besetzung aus den Jahren 1971 bis 1974 seine ganz persönliche Interpretation des Faust-Mythos; ob allein oder in Zusammenarbeit mit anderen, es entsteht neues Material, das ihre heutige Vision dessen widerspiegelt, was Faust sein kann.</p>
<p>Schon seit seiner Kindheit widmet sich Jean-Hervé Péron der Kreativität, wo immer er ihr begegnet. Ob im Duett mit dem Klang seiner eigenen Schritte, in der Zusammenarbeit mit Betonmischern oder beim Experimentieren mit Instrumenten aller Art – das spielerische Element steht im Mittelpunkt seines Schaffens. Dieses neue Album versammelt Ideen, Erinnerungen und unvollendete Projekte, die sich im Laufe seines Lebens angesammelt haben. Der augenzwinkernde Untertitel „Maybe Of Interest&#8220; (vielleicht von Interesse) birgt einen typischen Péron-Witz: Die Abkürzung MOI könnte zwar ein gewisses Selbstbewusstsein oder gar Egozentrik andeuten, doch der Untertitel konterkariert dies auf sanfte Weise und offenbart jene Verletzlichkeit, den Humor und die Selbstreflexion, die das gesamte Album durchziehen. Tatsächlich ist MOI alles andere als ein Alleingang. Unter dem Namen FaUSt veröffentlicht – wobei die Buchstaben „US&#8220; bewusst großgeschrieben sind –, spiegelt das Album Pérons Glauben an Zusammenarbeit, Freundschaft und kollektive Kreativität wider und vereint ein breites Netzwerk aus Musikern, Tontechnikern, Autoren und Performern aus dem erweiterten Faust-Umfeld. Mehr als zwanzig Personen waren an den Aufnahmen beteiligt, wodurch MOI ebenso sehr ein Gemeinschaftsprojekt wie ein persönliches Statement ist.</p>
<p>Das Album entstand im Laufe von zwei Winterwochen im Studio in Schiphorst (Norddeutschland) und verbindet auf geschickte Weise die gegensätzlichen Pole akribischer Planung, freier Improvisation und zufälliger Entdeckungen; dabei schöpft MOI gleichermaßen aus Kindheitserinnerungen, Fluxus-Prinzipien, dadaistischem Humor und zutiefst persönlichen Erlebnissen. Das Resultat ist ein Album, das sich mühelos zwischen Musique concrète, Avant-Pop, Jazz, Spoken Word und experimenteller Elektronik bewegt – vereint durch Pérons Neugier und seinen unbändigen Spieltrieb.</p>
